 prime factors of g.
2, 29
Let s(r) be the first derivative of r**4/4 + r**3 - r + 11. Let u be s(1). Suppose 2*f + 0*t = u*t + 387, -5*f + 951 = -2*t. List the prime factors of f.
3, 7
List the prime factors of (-15)/(-10) - (-2*2 + 738800/(-32)).
7, 3299
Suppose -2*d + 364 = 2*r - 368, 4*r - 1464 = d. Let v = -22 + r. List the prime factors of v.
2, 43
Let l(y) = -118*y + 2. Let c(g) = -237*g + 4. Let z(d) = 4*c(d) - 7*l(d). Let w be z(3). List the prime factors of 3*12/(-54) - w/6.
2, 3, 5
Suppose -3*x + 1 - 123 = -4*a, 5*x + 155 = 5*a. Let l = 56 - a. List the prime factors of l.
3
Let k be 31 + (3 - 8/2). Suppose -b = -2*q - 21, -3*b + 4*q = b - 68. Let r = k - b. What are the prime factors of r?
17
What are the prime factors of (-170)/51*(-3283542)/190?
2, 3, 9601
Suppose -w + 2*w = 2*b - 33940, 0 = -b - 4*w + 16988. What are the prime factors of b?
2, 4243
Suppose 0*l - 5*q + 40 = -4*l, l + 4*q - 11 = 0. List the prime factors of (2 - (46 + (-8 - -4)))*l.
2, 5
Let x(z) = -z**3 + 4*z**2 + 4. Let l = 31 + -28. Let j be x(l). Suppose 22*c = j*c + 1314. List the prime factors of c.
2, 73
Suppose 426 = 128*b - 127*b. Suppose 3*j - 3295 = -4*f, f + 4*j - b = 388. What are the prime factors of f?
2, 7, 59
Suppose -4*n + 1755 = n + o, 4*n = -3*o + 1404. Let a = -850 + 788. Let r = n + a. List the prime factors of r.
17
Let z(p) be the second derivative of -p**3 + 0 - 3*p + 1/6*p**4 + 3/2*p**2. List the prime factors of z(3).
3
Let v = -83 - -363. Let y = 339 - v. List the prime factors of y.
59
Suppose 0*p + 160184 = -2*p + 10*p. What are the prime factors of p?
20023
Let d = -156 - -46. Let z = d + 393. What are the prime factors of z?
283
Let x(s) = 292*s - 138. Suppose 697*a - 18 = 694*a. List the prime factors of x(a).
2, 3, 269
Suppose 0 = -4*v + 239 + 97. Let b = v - 86. List the prime factors of (9/((-54)/(-4)))/(b/(-471)).
157
What are the prime factors of 6312036/99 + (-180)/(-2970)?
2, 71, 449
List the prime factors of (((-52)/(-39))/(4/(-9)))/((-5)/48715).
3, 9743
Let y(f) = -367*f - 963. What are the prime factors of y(-13)?
2, 7, 17
Let d = -172 - -190. List the prime factors of 6/d - 2284/(-6).
3, 127
Let r = -55 + 60. Let l(z) = 2*z**2 - 12*z - 2. Let b be l(r). List the prime factors of (3 - 0)*(1 + (-584)/b).
149
Let u be 268/10 + 3/(-45)*-3. Suppose -u = z - 78. List the prime factors of z.
3, 17
Let o(n) = 44*n - 15. Let g be o(-10). Let b = 674 + g. What are the prime factors of b?
3, 73
Let o = -53 + 47. Let i be (o*2)/(2/(-3)). List the prime factors of (-4)/18 - (-976)/i.
2, 3
Suppose 87610 = -37*s + 572717. What are the prime factors of s?
7, 1873
Let c = -45101 + 72152. List the prime factors of c.
3, 71, 127
Suppose 117*t - 12422 = -2*v + 116*t, -4*t + 6232 = v. What are the prime factors of v?
2, 97
Suppose -3*d - 4*d = -7. Suppose -w - d + 8 = 0. Suppose w*a = 33 + 86. What are the prime factors of a?
17
Suppose z = 2901 + 8954 - 2546. What are the prime factors of z?
3, 29, 107
Let q(b) = 3*b**2 + 14*b + 9. Let n(o) = 6*o**2 + 30*o + 19. Let s(k) = 4*n(k) - 7*q(k). What are the prime factors of s(-15)?
2, 179
Suppose 4*t + 45695 = 5*u - 18139, 5*u + 2*t = 63828. List the prime factors of u.
2, 13, 491
Let d(f) = 51*f**2 - 9*f + 7. Let a be d(7). Let i = a + -1320. What are the prime factors of i?
1123
What are the prime factors of 3 - -1 - (-3593 + -39)?
2, 3, 101
Let t = -766 - -808. List the prime factors of (1 - t/8)*(-37 + -63).
5, 17
Let l = -9167 + 16878. What are the prime factors of l?
11, 701
Suppose -243*y + 247*y = 244. Suppose 59*d = y*d - 1336. List the prime factors of d.
2, 167
Suppose 103*n + 75*n + 372666 = 1337426. List the prime factors of n.
2, 5, 271
Let t(q) be the third derivative of q**4/12 - 23*q**3/6 + 13*q**2 - 1. Let c be t(11). Let v(z) = -73*z**3 + z**2 + 4*z + 3. List the prime factors of v(c).
73
Suppose -20 = z - 2*r, 5*z - 3*r = -144 + 58. Let d be (16/6)/(z/(-24)). What are the prime factors of -5*d/(-15)*(-2241)/(-18)?
2, 83
Let w = -7 + 237. Suppose 1460 + w = 13*y. What are the prime factors of y?
2, 5, 13
Let u(d) = -3*d**2 + 16*d + 9. Let z be u(6). List the prime factors of (-1930)/(-5) + z + 6.
389
Let u(q) = -q**3 - 73*q**2 + 74*q - 815. List the prime factors of u(-80).
5, 23, 331
Let q = 346 - 303. Let t = 321 - q. List the prime factors of t.
2, 139
Let w be (-12)/(-16)*-12*1. Let k = 21 - w. Suppose 8 = -k*i + 34*i. List the prime factors of i.
2
Let d = 236 - 233. Suppose -4*v = -c - 6*v + 534, -d*c = -2*v - 1562. What are the prime factors of c?
2, 131
Let i(s) be the third derivative of s**5/20 + s**4/6 - 17*s**3/2 - 7*s**2. Let o be (7 - 40/16)/((-1)/(-2)). What are the prime factors of i(o)?
2, 3, 19
Let z(p) = 2*p + 17. Let d be z(-7). Suppose 671 = d*y + 191. List the prime factors of y.
2, 5
Let f be -6*((-8)/4 - (3 + -2)). List the prime factors of (-6607)/(-8) + f/16 + -1.
2, 7, 59
Let b be (2 + 2)*(-27)/36 + 9. Let i(r) = -4*r - 17. Let g(q) = -q**2 + 5*q + 16. Let p(s) = -3*g(s) - 2*i(s). List the prime factors of p(b).
2, 13
Suppose -7*j + 65 + 5 = 0. Let n(q) = -j*q + 22*q - q**2 + 120 - 14*q. List the prime factors of n(0).
2, 3, 5
Suppose o + 110 = -s, -3*o - o = 12. Let r = s + 186. Suppose -213 = -4*b + r. List the prime factors of b.
73
Suppose 5 = g - 2*a + 85, 0 = g - 3*a + 81. Let w = -154 - g. Let k = 27 - w. What are the prime factors of k?
103
Let m be (-7)/(-70) + (-236)/(-40) + -1. Suppose 3*v + 5*c = 7*v - 1900, 0 = -m*v - 2*c + 2408. List the prime factors of v.
2, 3, 5
Let d(o) = 36 - 66*o + 34 - 80. List the prime factors of d(-7).
2, 113
Suppose -4*p + 4683 = q, 0*p - q + 5853 = 5*p. Suppose 0 = 5*i - 105 + p. List the prime factors of (6/4)/(1 + i/216).
2, 3
Let u = -4678 + 10160. List the prime factors of u.
2, 2741
Suppose 0 = 5*j + 5*j. Suppose j = 3*c - 5*k - 2092, 5*c - 4*c - 5*k = 694. What are the prime factors of c?
3, 233
Let g be (6/(-15))/((-8)/40). Suppose -g*c + 8 = 2*c. Suppose -u - 2*t + 205 = -0*u, 0 = -u + c*t + 213. What are the prime factors of u?
11, 19
Suppose -2*n - 5*m = -2424 - 579, 5*n - 7554 = 3*m. What are the prime factors of n?
3, 503
Let p = -2293 + 6414. What are the prime factors of p?
13, 317
Suppose -4*d - 5 = 3*i - 15, -2*d + 3*i - 4 = 0. What are the prime factors of -2 - (2/d - 143*3)?
5, 17
Suppose t - 2 = 3*u - 10, -2*t - 14 = -4*u. List the prime factors of u/(2/69)*32/24.
2, 23
Let m be 386/(1*1/(-8)*-4). Let n be (1 - (-6)/(-4))*m/(-2). Let k = n - 95. List the prime factors of k.
2, 7
Let g be 0 - (-387)/(81/(-9)). Let j(m) = -m**2 - 6*m + 8. Let i be j(-6). Let x = i - g. What are the prime factors of x?
3, 17
Let o = 77 + -74. Suppose k - 3*k - 1023 = j, o*k + 4*j = -1542. Let m = -297 - k. List the prime factors of m.
3, 71
Suppose l - 3*l - 4*m - 38 = 0, -2*l - 3*m = 33. Let h be (l/12)/((-1)/16). Suppose 14*s = h*s + 386. What are the prime factors of s?
193
Let v(n) = -n**3 + 68*n**2 + 65*n + 251. List the prime factors of v(68).
3, 173
Let o(a) = a**2 - 2*a - 6. Let l be o(4). Suppose z - 9 = -l*u, -z = u - 3*z - 12. Suppose -u*c - h = -2*c - 407, 2*h + 2 = 0. List the prime factors of c.
2, 3, 17
Suppose -2*d - d = 6, h - 2*d - 14 = 0. Suppose -3*g - h = -g. Let w = 100 + g. What are the prime factors of w?
5, 19
Let i(p) = p + 90. Suppose 0 = -3*u - 3*u + 138. List the prime factors of i(u).
113
Let d = -359 - -355. What are the prime factors of (46089/36 - -12) + 1/d?
2, 17, 19
Let f be (-6)/21 - (-148)/28. Suppose 2*t = f*h + 577, -3*t = t - h - 1163. Suppose -3*v + t = -0*v. List the prime factors of v.
97
Let o = 77581 - 46709. List the prime factors of o.
2, 17, 227
Let k be ((-33)/15)/11*0. Let o = -10 + 15. Suppose k = 2*i + o*w - 11, -i - 2 = 2*w + 3*w. List the prime factors of i.
13
Let j(l) = -l**3 - 2*l - 2. Let x(u) = -11*u**3 + 4*u**2 - 41*u - 7. Let p(f) = 3*j(f) - x(f). List the prime factors of p(5).
2, 269
Suppose -93 + 159 = 3*m. Let i = m - 22. Suppose -12*z + 340 + 368 = i. What are the prime factors of z?
59
Suppose 10830 + 11774 = 5*h + 4*u, -4*h + 5*u + 18034 = 0. List the prime factors of h.
2, 1129
Let o(g) = g**2 + 9*g + 3. Let j be o(-6). Let b be 5/j + 2/6. Suppose 4*y - 9*y + 75 = b. List the prime factors of y.
3, 5
Suppose -761*k - 48348 = -770*k. Wh